t is the thousands digit of m(-2)?
0
Let n = 68 - -99. Suppose 6*r = n + 709. What is the tens digit of r?
4
Let u(i) = 162*i - 2058. What is the units digit of u(14)?
0
Suppose 0 = 321*t - 3199033 - 2040329. What is the thousands digit of t?
6
What is the ten thousands digit of (313/(-626))/(-1 + 62773/62774)?
3
Let c = -22518 - -36669. What is the thousands digit of c?
4
Suppose -15*z = -14656 - 111674. What is the thousands digit of z?
8
Suppose 44 = 25*a - 27*a. Let y = a + 28. Let c(b) = -b**3 + 8*b**2 - 5*b + 10. What is the tens digit of c(y)?
5
Suppose -4*z - 25 = -2*s - z, -s + 15 = -2*z. Suppose s*j - 4*l - 5117 = 0, 5*l + 3081 = 3*j + 8*l. What is the tens digit of j?
2
Let a = -3308 - -4959. Let d = a - 796. What is the tens digit of d?
5
Suppose 32*z = 103691 + 17557. What is the thousands digit of z?
3
Suppose 0*m = -4*m + 5*v + 21, 5*m = 3*v + 23. Let s(b) = -6*b - 8. Let z be s(m). Let o = -17 - z. What is the tens digit of o?
1
Let u be (2100/16 - -3)/(1/(-32)). What is the units digit of (-1 - -4) + (-11)/(44/u)?
7
What is the units digit of 40/(-2) - (0 - 42941)?
1
Let b(v) = 2*v**2 - 55*v - 66. Let x be b(29). Suppose 64 - 190 = -x*o. What is the units digit of o?
6
Let y be (78/(-91))/((-9)/42). Suppose 2*g - 4*g - 4*a = -596, 896 = 3*g + y*a. What is the units digit of g?
0
Suppose 0 = -26*z - 0*z + 542074. Suppose z = 36*v - 13603. What is the tens digit of v?
5
Suppose 11*u - 91840 = -23266. What is the units digit of u?
4
Suppose -3*x + 5 = 20. Let p(g) be the third derivative of -g**5/60 - 5*g**4/12 - 7*g**3/3 - 26*g**2 - 7*g. What is the units digit of p(x)?
1
Let w be 5/20 - 129/(-12). Let f be (-2)/w - 3/((-99)/(-2436)). Let u = 187 + f. What is the hundreds digit of u?
1
Suppose 5*b = -25, -1863 - 5678 = -2*v + b. What is the units digit of v?
8
Let m be (-5 + (-80)/(-15))/(1/12). Suppose -3*k + 2*p - 6*p = -896, m*p + 604 = 2*k. What is the units digit of k?
0
Let c(q) = 157*q**2 - 525*q + 39. What is the thousands digit of c(-12)?
8
Let q = 1478 - -7190. What is the units digit of q?
8
Suppose 12*v - 118070 + 60059 - 133773 = 0. What is the tens digit of v?
8
Let o be (-7 - -8) + (577 - (0 + 1)). Let q = o + -193. What is the tens digit of q?
8
Suppose -17187 = -5*w - q, -14*w - 3*q = -17*w + 10305. What is the units digit of w?
7
Let q = 48222 - 15699. What is the thousands digit of q?
2
Let b(g) = 47*g + 86. Let j = -187 - -193. What is the hundreds digit of b(j)?
3
Let z(l) = -11 + 73*l + 2*l**2 - 278*l + 74*l + 72*l + 66*l. What is the tens digit of z(3)?
2
What is the thousands digit of 66/11*(-30541)/(-2)*45/315?
3
Let i(l) = l**2 + 4*l - 23. Let z be i(-7). Let m be z/1 + (-49)/7. What is the tens digit of ((m/6)/(-1))/(1/40)?
6
Suppose 4*m = 6 - 30. Let c be 72/7 - (18/14 - 1). What is the tens digit of (-2672)/(-20) + m/c?
3
Let u(s) = s**3 + 19*s**2 - 25*s + 6. Let x be u(-20). Suppose -31*l + x = -30*l. What is the units digit of l?
6
What is the tens digit of ((-65824)/(-51))/((-4)/(-66))?
9
Suppose 2*c + 63187 = 5*f, -12 = 264*c - 262*c. What is the tens digit of f?
3
Let v = 857 - -680. Suppose -2*m = -5*m + k + v, 0 = -5*m + 2*k + 2560. What is the tens digit of m?
1
Suppose 272745 = 60*v - 781575. What is the thousands digit of v?
7
Suppose 3*z - 3*o - 72 = 0, -z + 3*o + 12 = 6*o. Suppose -l + z + 139 = -u, 5*u = l - 144. What is the units digit of l?
4
Suppose -3*a - 60 = -2*y, -5*a + 46 = 4*y - 30. What is the tens digit of 6/(y/(-20)) + (-1242)/(-2)?
1
Let z = 1745 - 1295. What is the tens digit of z?
5
Let k be 282/26 + -7 - (-4)/26. Let i(p) = 10*p + 18*p - 6*p + 12. What is the hundreds digit of i(k)?
1
Suppose 0 = 3*u - 2*d - 129531, -26*u + 27*u - 5*d = 43151. What is the thousands digit of u?
3
What is the tens digit of 427332/24 + (-65)/(-26)?
0
Suppose 9*l = 5*h + 5*l + 4249, 2*h - l + 1702 = 0. Let j = h - -987. What is the units digit of j?
4
Let a(o) = 197*o**2 + 119*o - 1466. What is the hundreds digit of a(10)?
4
Suppose -50 = -6*t - 272. Let u = 426 + t. What is the units digit of u?
9
Let j = 5586 - 54. What is the hundreds digit of j?
5
Let m(k) = -3*k**3 - 2*k**2 - k + 1. Let w be m(-1). Let u be 1 - 2/w - 41216/(-84). Suppose 3*t = u - 74. What is the hundreds digit of t?
1
Let p be (590 - (-5 - -4))/(-1). Let b = -277 - p. What is the tens digit of b?
1
Suppose 16*y - 3978 = 10*y. Let v = y + -151. What is the hundreds digit of v?
5
What is the thousands digit of 436*(-3 - -2)*(-1475)/236?
2
Let j(q) = -3*q - 2. Let g(k) = k + 13. Let o be g(-12). Suppose v = -2*h + o - 9, 3*v + 30 = -3*h. What is the tens digit of j(v)?
3
Suppose -3*q - 3*k + 34440 = 0, q + 2*k - 7696 = 3790. What is the thousands digit of q?
1
Let z(k) = -4344*k + 541. What is the hundreds digit of z(-2)?
2
What is the tens digit of (-3)/(-20)*220/(-88) - (-910775)/40?
6
Let q(t) = 60*t**2 - 12*t + 4. Let h be q(-3). Let v = h + -257. What is the units digit of v?
3
Let c be (752/(-6))/(1/(-3)). Let k be c/(-4)*(3 - 4). Let u = 19 + k. What is the hundreds digit of u?
1
Suppose 5*n - 3*n - 19366 = -c, -2*n + 19346 = -4*c. What is the thousands digit of n?
9
What is the ten thousands digit of 12614 - (0/23)/((-2)/(-2))?
1
Let c(d) = 79*d**2 + 4*d - 171. What is the tens digit of c(8)?
1
Let a = -616 - -616. Suppose 290 = 2*q - 4*v, a = -4*q + q + 5*v + 436. What is the units digit of q?
7
Let a(d) be the second derivative of -13*d**3 - 172*d**2 + 2*d + 131. What is the hundreds digit of a(-21)?
2
Let g(o) = 746*o - 69. Suppose -4*h = -p + 18, 4*h - 11 = -2*p - 23. What is the units digit of g(p)?
3
Let a = -7063 - -48088. What is the tens digit of a?
2
Let j = -3840 + 11341. What is the units digit of j?
1
What is the tens digit of ((-2538)/72)/(-47) + -35197*(-1)/4?
0
Suppose 5*x - 10 = 0, -2*w - x - 1 = 5. What is the hundreds digit of (w + -1)*(-10 - (-6 + 134))?
6
Let a be (-1079)/(-5) - (-1)/5. Suppose -2465*q = -2451*q - 4774. Let u = q - a. What is the units digit of u?
5
Suppose -8000 = -7*o + 1464. What is the tens digit of o?
5
Let r(z) = 2*z + z - 5*z + 0*z + 8. Let y be r(-26). Let k = y + -50. What is the units digit of k?
0
Suppose 2*t = -5 - 117. Let o = -40 - t. Suppose 2*c - 3*c = -o. What is the tens digit of c?
2
Let m(k) = 144*k**2 + 262*k - 154. What is the thousands digit of m(-19)?
6
Suppose -9415710 = -473*l + 215*l. What is the tens digit of l?
9
Suppose -5*l + 6*c + 1405 = 0, -394 = -l - 4*c - 139. What is the tens digit of l?
7
Let m = 397 - -728. Suppose 0 = 4*l - 0*l - 5*b - m, -800 = -3*l - 5*b. Let w = -35 + l. What is the units digit of w?
0
Suppose 0 = -2*c + 8, 7*k + 3*c - 27 = 4*k. Suppose t = j - 640, k*t + 1229 = 3*j - 685. What is the tens digit of j?
4
Suppose 4*p - 36019 = 43*i - 42*i, p - 5*i - 9000 = 0. What is the tens digit of p?
0
Let p(r) = 38*r + 6570. What is the tens digit of p(0)?
7
What is the units digit of ((-12097)/(-8) - 0)*-4*(2 + -4)?
7
Suppose 252*d = 264*d - 13920. What is the hundreds digit of d?
1
Let a = -12416 - -27992. What is the thousands digit of a?
5
Suppose -2*w = 4*n - 10126, 14*w = 16*w - 3*n - 10133. What is the units digit of w?
5
Suppose -a = -0*a. Let y(c) = -11 + 20*c + a + 6. What is the tens digit of y(3)?
5
Let q(f) = 3525*f**2 + 19*f - 5. What is the tens digit of q(-2)?
5
Suppose -t = 2*t - 4*z - 47, 3*t + z - 22 = 0. Suppose -233 = t*f - 2663. Suppose -f*u + 266*u + 900 = 0. What is the tens digit of u?
2
Let i be (-8)/((-112)/(-77)) + 1/2. Let a be i - -9 - (-2)/(-1). Suppose -4*s + a + 1082 = 4*c, -2*c - 262 = -s. What is the units digit of s?
8
Let a = -14 - -8. What is the tens digit of -6 + (-27)/a - (-781)/2?
8
Let a = -43 - -43. Suppose a = 5*i - 2*q - 2959, -2*i - 275 = -q - 1459. Suppose i = 5*o + 3*v, 4*v - 2*v + 6 = 0. What is the hundreds digit of o?
1
Suppose 10*y - 4*y = 24. Suppose -h - y = 3*n, 2*h + h = -n + 20. Let r(x) = x**2 - 7*x + 15. What is the units digit of r(h)?
3
Let u = 52 + -50. Suppose -5*j + 2*a = -1493, j = 4*a - u*a + 305. What is the units digit of j?
7
Suppose 2*m - 391 = -5*q + 117, -5*m + 1232 = 3*q. Suppose 0 = -3*s + 4*j - 5*j + 11, j - 1 = -s. What is the tens digit of m/s - (-24)/(-30)?
4
Suppose 0 = -27*y + 119262 - 16095. What is the hundreds digit of y?
8
Let z(g) = -2*g**3 - 6